 divided by 4?
1
Calculate the remainder when 239 is divided by 105.
29
What is the remainder when 2256 is divided by 31?
24
What is the remainder when 7 is divided by 4?
3
What is the remainder when 16863 is divided by 31?
30
What is the remainder when 476 is divided by 106?
52
Calculate the remainder when 369 is divided by 31.
28
What is the remainder when 1593 is divided by 53?
3
Calculate the remainder when 153 is divided by 52.
49
Calculate the remainder when 91 is divided by 31.
29
What is the remainder when 3515 is divided by 1756?
3
What is the remainder when 103 is divided by 29?
16
Calculate the remainder when 706 is divided by 700.
6
Calculate the remainder when 7317 is divided by 20.
17
What is the remainder when 2562 is divided by 57?
54
Calculate the remainder when 360 is divided by 14.
10
Calculate the remainder when 431 is divided by 26.
15
Calculate the remainder when 358 is divided by 33.
28
Calculate the remainder when 271 is divided by 7.
5
Calculate the remainder when 1383 is divided by 63.
60
Calculate the remainder when 4363 is divided by 59.
56
Calculate the remainder when 104 is divided by 14.
6
What is the remainder when 44 is divided by 15?
14
What is the remainder when 6854 is divided by 27?
23
What is the remainder when 3422 is divided by 312?
302
What is the remainder when 597 is divided by 8?
5
What is the remainder when 576 is divided by 17?
15
Calculate the remainder when 6437 is divided by 7.
4
What is the remainder when 125 is divided by 64?
61
Calculate the remainder when 225 is divided by 12.
9
Calculate the remainder when 260 is divided by 122.
16
Calculate the remainder when 62 is divided by 34.
28
Calculate the remainder when 394 is divided by 192.
10
What is the remainder when 845 is divided by 21?
5
Calculate the remainder when 337 is divided by 58.
47
Calculate the remainder when 1921 is divided by 175.
171
What is the remainder when 141 is divided by 37?
30
Calculate the remainder when 93 is divided by 20.
13
What is the remainder when 10506 is divided by 79?
78
Calculate the remainder when 26 is divided by 9.
8
What is the remainder when 227 is divided by 6?
5
What is the remainder when 335 is divided by 53?
17
Calculate the remainder when 2785 is divided by 68.
65
Calculate the remainder when 148 is divided by 79.
69
Calculate the remainder when 52 is divided by 34.
18
Calculate the remainder when 591 is divided by 99.
96
Calculate the remainder when 1001 is divided by 17.
15
Calculate the remainder when 1341 is divided by 446.
3
What is the remainder when 1438 is divided by 103?
99
Calculate the remainder when 39 is divided by 22.
17
What is the remainder when 275 is divided by 95?
85
What is the remainder when 322 is divided by 17?
16
What is the remainder when 2237 is divided by 8?
5
Calculate the remainder when 2984 is divided by 231.
212
What is the remainder when 1297 is divided by 60?
37
What is the remainder when 1676 is divided by 547?
35
Calculate the remainder when 28 is divided by 16.
12
Calculate the remainder when 62 is divided by 7.
6
Calculate the remainder when 290 is divided by 38.
24
What is the remainder when 777 is divided by 386?
5
What is the remainder when 6084 is divided by 105?
99
Calculate the remainder when 249 is divided by 88.
73
What is the remainder when 419 is divided by 28?
27
Calculate the remainder when 242 is divided by 107.
28
Calculate the remainder when 271 is divided by 13.
11
Calculate the remainder when 109 is divided by 96.
13
Calculate the remainder when 354 is divided by 128.
98
What is the remainder when 624 is divided by 78?
0
Calculate the remainder when 4059 is divided by 29.
28
Calculate the remainder when 454 is divided by 57.
55
What is the remainder when 823 is divided by 138?
133
What is the remainder when 990 is divided by 50?
40
What is the remainder when 367 is divided by 331?
36
What is the remainder when 1295 is divided by 18?
17
What is the remainder when 8567 is divided by 28?
27
What is the remainder when 349 is divided by 22?
19
What is the remainder when 137 is divided by 92?
45
Calculate the remainder when 1784 is divided by 35.
34
What is the remainder when 167 is divided by 47?
26
Calculate the remainder when 308 is divided by 100.
8
Calculate the remainder when 860 is divided by 72.
68
Calculate the remainder when 214 is divided by 67.
13
What is the remainder when 390 is divided by 50?
40
Calculate the remainder when 85 is divided by 33.
19
What is the remainder when 182 is divided by 11?
6
What is the remainder when 4369 is divided by 15?
4
Calculate the remainder when 1227 is divided by 305.
7
Calculate the remainder when 627 is divided by 607.
20
Calculate the remainder when 493 is divided by 55.
53
Calculate the remainder when 122 is divided by 65.
57
Calculate the remainder when 47 is divided by 12.
11
What is the remainder when 225 is divided by 19?
16
Calculate the remainder when 194 is divided by 75.
44
Calculate the remainder when 929 is divided by 272.
113
What is the remainder when 10 is divided by 1?
0
Calculate the remainder when 202 is divided by 32.
10
Calculate the remainder when 4525 is divided by 37.
11
Calculate the remainder when 407 is divided by 103.
98
Calculate the remainder when 757 is divided by 321.
115
Calculate the remainder when 63 is divided by 22.
19
Calculate the remainder when 46368 is divided by 29.
26
What is the remainder when 229 is divided by 135?
94
Calculate the remainder when 299 is divided by 137.
25
What is the remainder when 3914 is divided by 15?
14
Calculate the remainder when 1016 is divided by 115.
96
Calculate the remainder when 414 is divided by 26.
24
What is the remainder when 53 is divided by 2?
1
Calculate the remainder when 638 is divided by 128.
126
Calculate the remainder when 833 is divided by 31.
27
Calculate the remainder when 7 is divided by 2.
1
Calculate the remainder when 994 is divided by 240.
34
Calculate the remainder when 177 is divided by 30.
27
What is the remainder when 274 is divided by 56?
50
What is the remainder when 10296 is divided by 5145?
6
Calculate the remainder when 77 is divided by 71.
6
Calculate the remainder when 1724 is divided by 27.
23
What is the remainder when 2700 is divided by 881?
57
Calculate the remainder when 3865 is divided by 550.
15
Calculate the remainder when 1542 is divided by 3.
0
What is the remainder when 255 is divided by 144?
111
Calculate the remainder when 19 is divided by 3.
1
Calculate the remainder when 6143 is divided by 5.
3
Calculate the remainder when 2313 is divided by 764.
21
What is the remainder when 15586 is divided by 109?
108
Calculate the remainder when 100 is divided by 42.
16
Calculate the remainder when 654 is divided by 86.
52
Calculate the remainder when 21199 is divided by 200.
199
Calculate the remainder when 146 is divided by 11.
3
What is the remainder when 3769 is divided by 59?
52
What is the remainder when 3979 is divided by 11?
8
What is the remainder when 375 is divided by 92?
7
What is the remainder when 395 is divided by 25?
20
Calculate the remainder when 64794 is divided by 97.
95
What is the remainder when 2103 is divided by 27?
24
What is the remainder when 182 is divided by 17?
12
Calculate the remainder when 88 is divided by 46.
42
Calculate the remainder when 548 is divided by 9.
8
What is the remainder when 4197 is divided by 70?
67
What is the remainder when 1282 is divided by 161?
155
What is the remainder when 181 is divided by 8?
5
Calculate the remainder when 230 is divided by 42.
20
What is the remainder when 776 is divided by 546?
230
What is the remainder when 865 is divided by 108?
1
Calculate the remainder when 604 is divided by 11.
10
What is the remainder when 2459 is divided by 23?
21
What is the remainder when 134 is divided by 52?
30
Calculate the remainder when 2095 is divided by 9.
7
What is the remainder when 480 is divided by 9?
3
Calculate the remainder when 387 is divided by 130.
127
Calculate the remainder when 424 is divided by 14.
4
Calculate the remainder when 703 is divided by 71.
64
Calculate the remainder when 52 is divided by 14.
10
What is the remainder when 105 is divided by 43?
19
What is the remainder when 50 is divided by 34?
16
What is the rem